mmon divisor of 86850 and 3327320.
1930
Calculate the highest common factor of 187198 and 1611082.
1474
Calculate the highest common divisor of 342 and 4357242.
18
Calculate the greatest common factor of 28 and 603652.
28
Calculate the highest common divisor of 805 and 6073081.
161
What is the greatest common divisor of 23540066 and 399608?
5258
Calculate the greatest common divisor of 1170063 and 39.
3
What is the greatest common factor of 80 and 49997720?
40
What is the highest common divisor of 105 and 107717645?
35
Calculate the greatest common factor of 57096495 and 81.
81
What is the greatest common factor of 136 and 112423496?
8
What is the highest common divisor of 53540 and 2560?
20
What is the greatest common factor of 738576 and 51048?
72
Calculate the greatest common factor of 19565136 and 1368.
1368
Calculate the highest common factor of 6987 and 368628.
51
What is the highest common factor of 168018 and 510942?
246
Calculate the greatest common factor of 11484 and 339126.
174
What is the highest common factor of 5491 and 247429951?
5491
What is the greatest common divisor of 2232 and 614297736?
2232
What is the greatest common divisor of 114771690 and 220?
110
What is the greatest common factor of 8205164 and 550?
22
What is the highest common factor of 2519 and 375021163?
2519
Calculate the highest common divisor of 263091203 and 93.
31
What is the highest common divisor of 5501911 and 713?
31
What is the greatest common divisor of 18079512 and 2?
2
Calculate the greatest common factor of 143433263 and 1646.
823
What is the greatest common factor of 7526024 and 1672?
88
Calculate the greatest common factor of 5775 and 249095.
385
Calculate the highest common divisor of 110 and 18662083.
11
What is the greatest common divisor of 54628195 and 41?
41
Calculate the greatest common factor of 24054624 and 399898.
5062
What is the highest common divisor of 9 and 1976108382?
9
Calculate the highest common divisor of 32669067 and 885.
177
Calculate the highest common divisor of 18795 and 2010528.
537
Calculate the highest common factor of 92202 and 761365.
1397
Calculate the greatest common factor of 767214 and 63.
63
What is the highest common factor of 310 and 21028385?
155
Calculate the highest common divisor of 60750018 and 1674.
558
Calculate the greatest common factor of 394659 and 12751.
311
Calculate the greatest common factor of 394697 and 2020613.
5891
Calculate the highest common factor of 68544 and 267376.
272
Calculate the greatest common divisor of 11328 and 779598624.
5664
What is the greatest common divisor of 17332 and 264626214?
1238
Calculate the highest common divisor of 4179773 and 595.
17
Calculate the highest common divisor of 718 and 63736142.
718
Calculate the greatest common divisor of 37475578 and 210.
14
Calculate the greatest common factor of 456 and 1345800.
24
What is the highest common divisor of 1152716552 and 338?
338
What is the greatest common factor of 72220768 and 388?
388
Calculate the greatest common factor of 4 and 97304.
4
What is the greatest common divisor of 17473 and 2688420?
173
Calculate the highest common factor of 173401 and 69089.
59
What is the highest common factor of 8207924 and 836?
76
What is the greatest common divisor of 31340 and 340220?
20
What is the greatest common divisor of 52207560 and 1656?
72
Calculate the highest common divisor of 298 and 54507776.
298
Calculate the greatest common factor of 44666089 and 221.
221
What is the greatest common factor of 65 and 1722305?
65
What is the greatest common divisor of 2310 and 1030190?
70
Calculate the highest common divisor of 265113 and 182197.
1091
Calculate the greatest common factor of 66036653 and 68.
17
Calculate the highest common divisor of 78 and 1660074.
78
Calculate the greatest common divisor of 1004134 and 34.
2
What is the greatest common divisor of 23814 and 77229?
9
What is the highest common factor of 2656110 and 79980?
1290
What is the greatest common divisor of 18977 and 41279?
7
What is the highest common divisor of 25411134 and 651?
651
What is the highest common factor of 24804 and 4949724?
156
Calculate the greatest common factor of 1863 and 2221506.
81
Calculate the highest common factor of 16212942 and 1098.
18
Calculate the greatest common divisor of 2274858 and 54693.
927
What is the greatest common divisor of 44967 and 11319001?
1153
Calculate the greatest common divisor of 1056856 and 1615.
323
Calculate the highest common divisor of 33252 and 354756.
204
Calculate the highest common divisor of 1895 and 3577475750.
1895
Calculate the greatest common factor of 29121987 and 354.
177
What is the highest common factor of 54204 and 28164?
12
Calculate the highest common factor of 234 and 4366728.
18
What is the highest common divisor of 8 and 13815304?
8
Calculate the highest common factor of 422485 and 700.
35
Calculate the highest common factor of 1150 and 1945915.
115
What is the highest common factor of 82701 and 117207?
81
What is the highest common factor of 5 and 29100135?
5
What is the greatest common factor of 5853870 and 862422?
4818
Calculate the greatest common factor of 22 and 182809.
11
Calculate the highest common divisor of 169671526 and 68.
34
Calculate the greatest common factor of 821119 and 13098332.
9893
Calculate the greatest common factor of 575100 and 240264.
2556
Calculate the highest common factor of 3 and 28414833.
3
What is the greatest common factor of 29805342 and 84?
42
What is the highest common factor of 17 and 273868997?
17
What is the highest common factor of 20800 and 6825?
325
Calculate the highest common divisor of 3583253553 and 66.
33
What is the greatest common factor of 9834313 and 17?
17
Calculate the greatest common factor of 2987 and 753449.
29
Calculate the highest common factor of 4957029 and 117.
9
Calculate the highest common divisor of 1116 and 52357512.
372
What is the greatest common factor of 2537415 and 10?
5
Calculate the highest common divisor of 36 and 5488068.
12
Calculate the highest common divisor of 415070315 and 31.
31
Calculate the highest common divisor of 1257925 and 2159075.
1675
Calculate the greatest common divisor of 71151 and 135864.
111
What is the highest common factor of 247 and 1283438?
13
What is the highest common factor of 51304 and 273944?
968
What is the greatest common factor of 1966821958 and 3754?
3754
What is the highest common factor of 2430 and 1556172?
486
What is the highest common factor of 266 and 3504403?
7
Calculate the highest common divisor of 319544 and 15576.
472
Calculate the highest common divisor of 188752 and 2399560.
2008
Calculate the greatest common factor of 20171093 and 1163222.
5147
What is the greatest common factor of 5489421 and 1798349?
5243
What is the highest common factor of 2959 and 608641?
11
Calculate the highest common divisor of 94 and 739366917.
47
Calculate the greatest common factor of 94364500 and 950.
50
What is the greatest common factor of 4731942 and 3216?
402
Calculate the highest common divisor of 42519540 and 60.
60
What is the highest common factor of 2238388 and 20?
4
What is the highest common factor of 1328 and 277518136?
664
Calculate the greatest common divisor of 27286 and 27391246.
3898
What is the highest common divisor of 5576978 and 154?
22
Calculate the highest common factor of 1337 and 6710785.
191
Calculate the greatest common factor of 30255 and 78780.
15
Calculate the greatest common factor of 72450 and 189450.
450
Calculate the highest common divisor of 15179 and 136783.
43
Calculate the highest common factor of 99166 and 1662.
554
Calculate the highest common divisor of 5124 and 237607566.
2562
Calculate the greatest common divisor of 5152 and 19376.
112
What is the greatest common divisor of 15341246 and 152?
38
What is the greatest common divisor of 98772 and 39252?
12
Calculate the greatest common divisor of 655 and 64419905.
655
What is the highest common divisor of 948 and 757740?
12
What is the greatest common divisor of 551915 and 14105?
455
Calculate the highest common factor of 26 and 1763378149.
13
What is the highest common factor of 57 and 202197525?
57
What is the highest common factor of 244614 and 700674?
4146
Calculate the greatest common fact